3, 5, 401, 12959
What are the prime factors of 63907990?
2, 5, 6390799
What are the prime factors of 23684858?
2, 89, 271, 491
List the prime factors of 1279871974.
2, 639935987
List the prime factors of 53345820.
2, 3, 5, 11, 131, 617
List the prime factors of 1186583880.
2, 3, 5, 9888199
List the prime factors of 132223840.
2, 5, 7, 118057
What are the prime factors of 270440728?
2, 33805091
What are the prime factors of 10669415?
5, 67, 31849
What are the prime factors of 1398608679?
3, 13, 23, 31, 53, 73
What are the prime factors of 32821825?
5, 1312873
What are the prime factors of 18425689?
18425689
List the prime factors of 20866286.
2, 7, 31, 48079
List the prime factors of 676150330.
2, 5, 157, 269, 1601
What are the prime factors of 101576641?
19, 5346139
What are the prime factors of 59635341?
3, 251, 26399
What are the prime factors of 356434491?
3, 7, 79, 214849
What are the prime factors of 403073804?
2, 7, 23, 89413
What are the prime factors of 36661248?
2, 3, 13, 17
What are the prime factors of 63658799?
29, 877, 2503
List the prime factors of 853182727.
269, 3171683
What are the prime factors of 490611305?
5, 37, 2651953
What are the prime factors of 2745179785?
5, 53, 1109, 9341
What are the prime factors of 2379330300?
2, 3, 5, 7931101
List the prime factors of 6408434429.
73, 87786773
List the prime factors of 2478688262.
2, 83, 223, 66959
List the prime factors of 366075005.
5, 101, 724901
What are the prime factors of 16154592?
2, 3, 168277
What are the prime factors of 2281062481?
2281062481
What are the prime factors of 933642822?
2, 3, 7, 17, 76919
List the prime factors of 65111780.
2, 5, 31, 105019
List the prime factors of 56696483.
79, 127, 5651
List the prime factors of 23189477.
41, 565597
List the prime factors of 280197272.
2, 157, 223087
List the prime factors of 802418982.
2, 3, 19, 7038763
What are the prime factors of 1084499420?
2, 5, 113, 541, 887
What are the prime factors of 1642565955?
3, 5, 2251, 48647
What are the prime factors of 225111313?
7, 163, 197293
What are the prime factors of 82449892?
2, 7, 19, 154981
What are the prime factors of 89633464?
2, 11204183
List the prime factors of 863897987.
31, 73, 381749
List the prime factors of 92250525.
3, 5, 233, 5279
List the prime factors of 2230201138.
2, 11, 1459, 69481
What are the prime factors of 224635714?
2, 112317857
List the prime factors of 3551462424.
2, 3, 31, 233, 6829
What are the prime factors of 137060365?
5, 13, 2108621
List the prime factors of 5886287555.
5, 983, 1197617
List the prime factors of 70170381.
3, 288767
List the prime factors of 616243943.
7, 1279, 9833
What are the prime factors of 225519273?
3, 7, 277, 12923
What are the prime factors of 3510055069?
89, 39438821
What are the prime factors of 507782402?
2, 29, 8754869
What are the prime factors of 68670182?
2, 7, 1699, 2887
What are the prime factors of 651118565?
5, 1483, 87811
What are the prime factors of 382436507?
401, 953707
What are the prime factors of 61551018?
2, 3, 1009, 3389
List the prime factors of 7110300072.
2, 3, 296262503
What are the prime factors of 621886347?
3, 113, 293, 2087
What are the prime factors of 133615671?
3, 7, 23, 276637
What are the prime factors of 2611566905?
5, 522313381
What are the prime factors of 7898448?
2, 3, 59, 2789
List the prime factors of 4274051839.
271, 15771409
What are the prime factors of 103551261?
3, 11, 1181, 2657
List the prime factors of 2803231748.
2, 43, 16297859
List the prime factors of 105743046.
2, 3, 31, 701, 811
List the prime factors of 172484349.
3, 797, 72139
List the prime factors of 239836731.
3, 17, 4702681
What are the prime factors of 152573612?
2, 137, 433, 643
List the prime factors of 8746087720.
2, 5, 1549, 141157
List the prime factors of 3338918779.
7, 17, 28058141
What are the prime factors of 29507710?
2, 5, 2950771
List the prime factors of 14964241.
14964241
List the prime factors of 22818250.
2, 5, 7, 13, 17, 59
What are the prime factors of 483244636?
2, 7, 17258737
List the prime factors of 236335075.
5, 683, 13841
What are the prime factors of 14480225?
5, 23, 25183
List the prime factors of 43415419.
2819, 15401
What are the prime factors of 14739886?
2, 7, 150407
List the prime factors of 35358947.
13, 293, 9283
List the prime factors of 676824806.
2, 7, 48344629
What are the prime factors of 154431636?
2, 3, 37, 109, 3191
List the prime factors of 2740028520.
2, 3, 5, 113, 202067
What are the prime factors of 1069907933?
29, 151, 263, 929
List the prime factors of 29594135.
5, 113, 52379
What are the prime factors of 20599668?
2, 3, 353, 1621
List the prime factors of 141137791.
17, 113, 73471
List the prime factors of 154319695.
5, 41, 181, 4159
What are the prime factors of 56046560?
2, 5, 29, 47, 257
What are the prime factors of 346047272?
2, 59, 691, 1061
What are the prime factors of 666312553?
23, 157, 184523
List the prime factors of 11274782.
2, 59, 95549
List the prime factors of 1145185608.
2, 3, 7, 6816581
What are the prime factors of 1118008?
2, 29, 61, 79
What are the prime factors of 371956480?
2, 5, 7, 41513
What are the prime factors of 860670933?
3, 14009, 20479
What are the prime factors of 66158073?
3, 157, 15607
List the prime factors of 58070707.
19, 3056353
List the prime factors of 3513558.
2, 3, 585593
What are the prime factors of 15677650?
2, 5, 313553
List the prime factors of 83633460.
2, 3, 5, 1393891
List the prime factors of 24207953.
7, 11, 29, 37, 293
List the prime factors of 2755730331.
3, 306192259
List the prime factors of 214152620.
2, 5, 11, 973421
What are the prime factors of 779848862?
2, 13, 151, 198637
What are the prime factors of 762938480?
2, 5, 9536731
What are the prime factors of 38733074?
2, 31, 624727
What are the prime factors of 218684680?
2, 5, 19, 59, 4877
List the prime factors of 84334804.
2, 2017, 10453
What are the prime factors of 4841891050?
2, 5, 59, 739, 2221
What are the prime factors of 181844181?
3, 29, 696721
List the prime factors of 7508235017.
7508235017
List the prime factors of 10384145.
5, 2076829
List the prime factors of 215708346.
2, 3, 7, 223, 853
List the prime factors of 3206319645.
3, 5, 223, 958541
What are the prime factors of 1024259703?
3, 71, 677, 7103
List the prime factors of 36642020.
2, 5, 43, 137, 311
What are the prime factors of 809250550?
2, 5, 16185011
What are the prime factors of 685603646?
2, 7, 13, 3767053
List the prime factors of 2529220846.
2, 107, 239, 49451
What are the prime factors of 946069879?
23, 5791, 7103
List the prime factors of 319861696.
2, 7, 11, 47, 1381
List the prime factors of 4172465668.
2, 7, 149016631
List the prime factors of 1288606190.
2, 5, 547, 235577
List the prime factors of 482103168.
2, 3, 1255477
What are the prime factors of 2136297632?
2, 7, 149, 64007
What are the prime factors of 2177171814?
2, 3, 362861969
What are the prime factors of 319717723?
13, 97, 253543
What are the prime factors of 230885200?
2, 5, 7, 13, 6343
What are the prime factors of 178889878?
2, 17, 2069, 2543
List the prime factors of 107536106.
2, 1373, 39161
List the prime factors of 438060935.
5, 13, 1433, 4703
What are the prime factors of 875284272?
2, 3, 2026121
List the prime factors of 505665593.
2927, 172759
What are the prime factors of 20992921?
31, 137, 4943
List the prime factors of 69074627.
41, 269, 6263
List the prime factors of 143304763.
7, 2924587
List the prime factors of 1570217263.
1289, 1218167
List the prime factors of 2072402509.
2072402509
List the prime factors of 48545330.
2, 5, 109, 44537
What are the prime factors of 4916766865?
5, 29, 83, 408539
List the prime factors of 350672815.
5, 70134563
What are the prime factors of 2495497593?
3, 831832531
What are the prime factors of 136237767?
3, 45412589
List the prime factors of 393920716.
2, 7, 14068597
What are the prime factors of 3646545274?
2, 617, 1193, 2477
List the prime factors of 753015.
3, 5, 17, 2953
List the prime factors of 164564378.
2, 11, 7480199
What are the prime factors of 2558134382?
2, 23, 1427, 38971
List the prime factors of 104073405.
3, 5, 17, 408131
List the prime factors of 499736922.
2, 3, 83289487
What are the prime factors of 6011488084?
2, 7, 101, 2125703
Li